{"id":42,"date":"2013-10-11T15:28:50","date_gmt":"2013-10-11T13:28:50","guid":{"rendered":"http:\/\/www.spielefest.at\/wordpress\/?page_id=42"},"modified":"2018-11-01T14:11:54","modified_gmt":"2018-11-01T13:11:54","slug":"impressum","status":"publish","type":"page","link":"http:\/\/www.spielefest.at\/wordpress\/impressum\/","title":{"rendered":"Impressum"},"content":{"rendered":"<h2><strong>Spielefest: Unser Leitbild<\/strong><\/h2>\n<p>Unsere Spiele sollen ein Abbild einer offenen Gesellschaft sein und die gewaltfreie Konfliktl\u00f6sung, den Respekt vor Religionen und Weltanschauungen, die \u00dcberwindung trennender Vorurteile, die Achtung von Minderheiten, die F\u00f6rderung unserer Kinder, die Gleichstellung der Geschlechter und die Freude am gemeinsamen Spielen in Gesellschaft wiedergeben.<\/p>\n<h2><strong>Die bisherigen Spielefeste\u00a01984-heute<\/strong><\/h2>\n<p>Die Organisation der Spielefeste liegt in den H\u00e4nden von Dagmar und Ferdinand de Cassan und ihrem Team ehrenamtlicher Mitarbeiter. Alle schenken ihre Freizeit dem Leitbild\u00a0des Spielefestes und arbeiten ehrenamtlich ohne Kostenersatz.<\/p>\n<p>Die\u00a0Spielefeste finden \u00fcblicherweise in der Zeit vor Weihnachten in vielen Orten \u00d6sterreichs statt, das &#8222;Spielefest&#8220;, das uns vor allem am Herzen liegt, im November im Austria Center Vienna.<\/p>\n<p>Die Aussteller (nicht jeder darf mitmachen!) k\u00f6nnen nur jene Produkte pr\u00e4sentieren, die\u00a0familiengerecht sind,\u00a0ein miteinander Spielen voraussetzen,\u00a0ohne Gewalt und asoziales Verhalten sind und\u00a0in \u00d6sterreich erh\u00e4ltlich sind. Die Spielefeste wollen eine nicht kommerzielle Veranstaltung sein, um das Kulturgut Spiel in \u00d6sterreich zu f\u00f6rdern.<\/p>\n<p>Seit 2016 macht das Spielefest im Austria Center Vienna eine Pause.<\/p>\n<p>Organisationsleitung<br \/>\nDagmar de Cassan und Team<br \/>\nLautensackgasse 10, 1140 Wien<br \/>\nTelefon: +43 676 5541672<\/p>\n<p><a title=\"www.spielen.at\" href=\"http:\/\/www.spielen.at\">www.spielen.at<\/a><br \/>\n<a href=\"mailto:office@spielen.at\">office@spielen.at<\/a><\/p>\n<div class=\"sharedaddy sd-sharing-enabled\"><div class=\"robots-nocontent sd-block sd-social sd-social-icon sd-sharing\"><h3 class=\"sd-title\">Teilen mit:<\/h3><div class=\"sd-content\"><ul><li class=\"share-facebook\"><a rel=\"nofollow noopener noreferrer\" data-shared=\"sharing-facebook-42\" class=\"share-facebook sd-button share-icon no-text\" href=\"http:\/\/www.spielefest.at\/wordpress\/impressum\/?share=facebook\" target=\"_blank\" title=\"Klick, um auf Facebook zu teilen\" ><span><\/span><span class=\"sharing-screen-reader-text\">Klick, um auf Facebook zu teilen (Wird in neuem Fenster ge\u00f6ffnet)<\/span><\/a><\/li><li class=\"share-twitter\"><a rel=\"nofollow noopener noreferrer\" data-shared=\"sharing-twitter-42\" class=\"share-twitter sd-button share-icon no-text\" href=\"http:\/\/www.spielefest.at\/wordpress\/impressum\/?share=twitter\" target=\"_blank\" title=\"Klick, um \u00fcber Twitter zu teilen\" ><span><\/span><span class=\"sharing-screen-reader-text\">Klick, um \u00fcber Twitter zu teilen (Wird in neuem Fenster ge\u00f6ffnet)<\/span><\/a><\/li><li class=\"share-tumblr\"><a rel=\"nofollow noopener noreferrer\" data-shared=\"\" class=\"share-tumblr sd-button share-icon no-text\" href=\"http:\/\/www.spielefest.at\/wordpress\/impressum\/?share=tumblr\" target=\"_blank\" title=\"Klick, um auf Tumblr zu teilen\" ><span><\/span><span class=\"sharing-screen-reader-text\">Klick, um auf Tumblr zu teilen (Wird in neuem Fenster ge\u00f6ffnet)<\/span><\/a><\/li><li class=\"share-end\"><\/li><\/ul><\/div><\/div><\/div>","protected":false},"excerpt":{"rendered":"<p>Spielefest: Unser Leitbild Unsere Spiele sollen ein Abbild einer offenen Gesellschaft sein und die gewaltfreie Konfliktl\u00f6sung, den Respekt vor Religionen und Weltanschauungen, die \u00dcberwindung trennender Vorurteile, die Achtung von Minderheiten, die F\u00f6rderung unserer Kinder, die Gleichstellung der Geschlechter und die &hellip; <a href=\"http:\/\/www.spielefest.at\/wordpress\/impressum\/\">Weiterlesen <span class=\"meta-nav\">&rarr;<\/span><\/a><\/p>\n<div class=\"sharedaddy sd-sharing-enabled\"><div class=\"robots-nocontent sd-block sd-social sd-social-icon sd-sharing\"><h3 class=\"sd-title\">Teilen mit:<\/h3><div class=\"sd-content\"><ul><li class=\"share-facebook\"><a rel=\"nofollow noopener noreferrer\" data-shared=\"sharing-facebook-42\" class=\"share-facebook sd-button share-icon no-text\" href=\"http:\/\/www.spielefest.at\/wordpress\/impressum\/?share=facebook\" target=\"_blank\" title=\"Klick, um auf Facebook zu teilen\" ><span><\/span><span class=\"sharing-screen-reader-text\">Klick, um auf Facebook zu teilen (Wird in neuem Fenster ge\u00f6ffnet)<\/span><\/a><\/li><li class=\"share-twitter\"><a rel=\"nofollow noopener noreferrer\" data-shared=\"sharing-twitter-42\" class=\"share-twitter sd-button share-icon no-text\" href=\"http:\/\/www.spielefest.at\/wordpress\/impressum\/?share=twitter\" target=\"_blank\" title=\"Klick, um \u00fcber Twitter zu teilen\" ><span><\/span><span class=\"sharing-screen-reader-text\">Klick, um \u00fcber Twitter zu teilen (Wird in neuem Fenster ge\u00f6ffnet)<\/span><\/a><\/li><li class=\"share-tumblr\"><a rel=\"nofollow noopener noreferrer\" data-shared=\"\" class=\"share-tumblr sd-button share-icon no-text\" href=\"http:\/\/www.spielefest.at\/wordpress\/impressum\/?share=tumblr\" target=\"_blank\" title=\"Klick, um auf Tumblr zu teilen\" ><span><\/span><span class=\"sharing-screen-reader-text\">Klick, um auf Tumblr zu teilen (Wird in neuem Fenster ge\u00f6ffnet)<\/span><\/a><\/li><li class=\"share-end\"><\/li><\/ul><\/div><\/div><\/div>","protected":false},"author":1,"featured_media":0,"parent":0,"menu_order":0,"comment_status":"open","ping_status":"open","template":"","meta":{"_mi_skip_tracking":false},"jetpack_sharing_enabled":true,"jetpack_shortlink":"https:\/\/wp.me\/P4M5Mu-G","_links":{"self":[{"href":"http:\/\/www.spielefest.at\/wordpress\/wp-json\/wp\/v2\/pages\/42"}],"collection":[{"href":"http:\/\/www.spielefest.at\/wordpress\/wp-json\/wp\/v2\/pages"}],"about":[{"href":"http:\/\/www.spielefest.at\/wordpress\/wp-json\/wp\/v2\/types\/page"}],"author":[{"embeddable":true,"href":"http:\/\/www.spielefest.at\/wordpress\/wp-json\/wp\/v2\/users\/1"}],"replies":[{"embeddable":true,"href":"http:\/\/www.spielefest.at\/wordpress\/wp-json\/wp\/v2\/comments?post=42"}],"version-history":[{"count":9,"href":"http:\/\/www.spielefest.at\/wordpress\/wp-json\/wp\/v2\/pages\/42\/revisions"}],"predecessor-version":[{"id":1903,"href":"http:\/\/www.spielefest.at\/wordpress\/wp-json\/wp\/v2\/pages\/42\/revisions\/1903"}],"wp:attachment":[{"href":"http:\/\/www.spielefest.at\/wordpress\/wp-json\/wp\/v2\/media?parent=42"}],"curies":[{"name":"wp","href":"https:\/\/api.w.org\/{rel}","templated":true}]}}